hat is -110011110111000100 (base 2) in base 13?
-758c0
What is 1010011000100000101 (base 2) in base 6?
11143045
Convert -1244224300 (base 5) to base 6.
-150452350
47292 (base 14) to base 3
22210211221
Convert 105055533 (base 7) to base 9.
12873833
-c8a1 (base 14) to base 4
-20131031
Convert 1142343000 (base 5) to base 11.
15843a9
Convert -54a490 (base 12) to base 5.
-321020233
What is -1321210301 (base 4) in base 7?
-4142543
Convert 622643 (base 7) to base 13.
39713
Convert -175821 (base 11) to base 15.
-5553e
Convert -13313412212 (base 5) to base 15.
-1747d07
-1042022 (base 5) to base 10
-18387
What is 1101032412 (base 6) in base 13?
25a5a57
-114443423 (base 6) to base 12
-893573
Convert -7326260 (base 8) to base 2.
-111011010110010110000
What is -121b10 (base 14) in base 8?
-2272062
What is 1322671 (base 8) in base 15?
749da
What is -1094b8b (base 12) in base 8?
-14105233
-5165628 (base 11) to base 13
-1b71588
-10223203200 (base 4) to base 2
-100101011100011100000
What is -203ac8 (base 16) in base 14?
-3cda76
What is -101010221101210 (base 3) in base 10?
-5391975
Convert 30320301203 (base 4) to base 15.
46ae85
Convert -1011111111100101110111 (base 2) to base 8.
-13774567
162464 (base 7) to base 9
48072
What is 6711642 (base 10) in base 13?
150cbb2
What is 736684 (base 9) in base 14?
b5870
Convert 100000010011001100100000 (base 2) to base 3.
120221011212012
What is 3269903 (base 10) in base 14?
611927
146566 (base 7) to base 10
28762
-416108 (base 12) to base 4
-3322220120
Convert 110122111 (base 3) to base 9.
13574
What is -7254103 (base 8) in base 16?
-1d5843
What is 5346323 (base 7) in base 13?
19a10b
Convert -112da (base 14) to base 16.
-a310
Convert 1352055 (base 6) to base 14.
20071
-324610 (base 7) to base 4
-31321000
-367361 (base 13) to base 12
-529022
31132232200 (base 4) to base 13
969583
Convert -1010111001110100 (base 2) to base 10.
-44660
What is -3211211012 (base 5) in base 11?
-389499a
Convert -4004517 (base 10) to base 9.
-7473143
What is -3221212122 (base 5) in base 10?
-6819662
-2110201101221 (base 3) to base 9
-2421357
What is 186920 (base 10) in base 12?
90208
12853 (base 15) to base 12
2a359
What is -5453206 (base 7) in base 10?
-668611
What is 3441224 (base 6) in base 7?
1333516
What is -247518 (base 10) in base 7?
-2050425
Convert 655512 (base 9) to base 11.
247980
Convert 3747c0 (base 14) to base 6.
104340404
What is 1112001011121 (base 3) in base 5?
201322411
Convert -123621633 (base 7) to base 8.
-36015243
What is -58479 (base 12) in base 13?
-41a33
Convert -a6551 (base 11) to base 5.
-14430212
Convert -784130 (base 11) to base 5.
-304444323
110100200 (base 5) to base 9
788321
107650 (base 11) to base 2
101001110010001101
63808 (base 13) to base 12
87931
What is 20112112022 (base 3) in base 4?
133122302
What is 1695603 (base 11) in base 15?
3bc6b5
What is 12323023331 (base 4) in base 15?
25cce8
Convert -203463 (base 8) to base 16.
-10733
What is 1202002102111 (base 3) in base 8?
3422225
Convert -204005435 (base 6) to base 5.
-1402001403
-1a85152 (base 11) to base 7
-41541445
Convert -12734b (base 14) to base 9.
-1166351
1bdbc (base 14) to base 5
4240224
2024231302 (base 5) to base 8
17610717
What is -3458846 (base 9) in base 5?
-434313341
5b79 (base 16) to base 2
101101101111001
-56b6c (base 14) to base 4
-303131230
What is 4af982 (base 16) in base 11?
2856683
What is 2604533 (base 9) in base 16?
15acef
What is 102201200210 (base 3) in base 5?
24341441
413331204 (base 5) to base 6
100225225
Convert -31132123133 (base 4) to base 5.
-1401020021
What is 347063 (base 9) in base 14?
56007
Convert -603624 (base 9) to base 8.
-1271175
What is 22202341 (base 5) in base 16?
2f630
What is 4863a03 (base 12) in base 16?
d69fe3
Convert -4c1d82 (base 14) to base 9.
-4828718
What is -1010101000001001111 (base 2) in base 10?
-348239
Convert 143031420 (base 5) to base 8.
2674756
Convert 217084 (base 9) to base 6.
2441034
What is 238036 (base 11) in base 5?
44023322
Convert 82067 (base 9) to base 6.
1054011
Convert 1120400102 (base 5) to base 15.
3496bc
What is b43926 (base 12) in base 11?
1660742
What is -102001012022 (base 3) in base 10?
-217385
Convert 1342104042 (base 6) to base 9.
33661788
Convert -112120101012 (base 3) to base 5.
-33134042
What is -1332344 (base 7) in base 6?
-3435242
Convert 232222120 (base 4) to base 5.
22104003
1312746 (base 8) to base 5
43203204
What is 267221 (base 8) in base 4?
112322101
1096a98 (base 12) to base 9
5883318
What is -5e9071 (base 16) in base 3?
-102122212011220
12745077 (base 8) to base 12
b6493b
7437276 (base 8) to base 9
3650880
Convert -450722 (base 10) to base 11.
-2886a8
What is 11111011101010001011100 (base 2) in base 6?
452425340
What is 372533 (base 9) in base 12?
aa233
-eb22 (base 16) to base 9
-101512
What is 24180237 (base 9) in base 11?
6732106
120223521 (base 6) to base 2
1000100111011000101001
What is 10ab63 (base 12) in base 5?
32032041
What is -87812 (base 12) in base 8?
-535716
What is -1031302002 (base 4) in base 9?
-535023
Convert -472524 (base 8) to base 14.
-429da
-11000201122 (base 3) to base 6
-1410542
47679 (base 12) to base 5
11032442
What is -2038d2 (base 14) in base 4?
-10021003000
6bb34 (base 13) to base 8
601473
19e5ad (base 16) to base 10
1697197
What is -52eed (base 16) in base 6?
-11140353
What is 517978 (base 13) in base 9?
3518071
3131201331 (base 4) to base 12
379139
-107250 (base 10) to base 13
-39a80
What is -6c895 (base 13) in base 5?
-22333304
What is -1101101110000100011001 (base 2) in base 3?
-20202201120021
What is 146b2b8 (base 12) in base 4?
33233013230
Convert -a6092 (base 16) to base 15.
-d678c
What is 25113613 (base 7) in base 14?
42a17a
Convert -36da7 (base 16) to base 4.
-312312213
What is -5502310 (base 6) in base 13?
-97185
Convert 1933271 (base 11) to base 4.
30132022020
59db6 (base 14) to base 15
45074
2223023123 (base 4) to base 16
ab2db
What is -101101100100110111011 (base 2) in base 3?
-2210212121102
What is -412342120 (base 5) in base 2?
-110011011001001000011
Convert 785152 (base 11) to base 4.
10301133312
What is a881d8 (base 15) in base 2?
11110100111100001000010
Convert 3b12c (base 14) to base 7.
1144455
-121211101320 (base 4) to base 9
-13551270
What is -250143655 (base 7) in base 13?
-332aa03
-401318a (base 11) to base 6
-412141545
What is 23132312 (base 6) in base 7?
6023645
Convert -34144515 (base 6) to base 7.
-11562242
-11110011100111101010 (base 2) to base 5
-223412431
331522532 (base 6) to base 3
102020011202102
-1737325 (base 8) to base 6
-14514005
2696563 (base 11) to base 9
8666357
Convert -11443131 (base 5) to base 13.
-3a8c5
What is -706978 (base 10) in base 11?
-443188
What is -100430234 (base 7) in base 9?
-11880072
What is 1021111010 (base 4) in base 6?
10234312
Convert -10222012210001 (base 3) to base 5.
-1020012134
What is 3020340310 (base 5) in base 7?
102143056
-110002323223 (base 4) to base 9
-10788317
Convert 114331104 (base 5) to base 10.
542654
Convert 258838 (base 13) to base 14.
197818
Convert -11000001110100010100110 (base 2) to base 6.
-344042502
355524044 (base 6) to base 2
11001100111001100111100
Convert -24016116 (base 7) to base 9.
-3884103
What is -84e2ce (base 15) in base 4?
-120020102102
What is -1030402303 (base 5) in base 13?
-5c0690
Convert b25c (base 16) to base 7.
250056
Convert -413332 (base 6) to base 15.
-9c6b
-2021222002021 (base 3) to base 8
-4516136
Convert 111101000100000111 (base 2) to base 6.
5205543
98db2 (base 14) to base 9
624075
Convert 57dabd (base 16) to base 6.
323223405
-4cdc8 (base 14) to base 15
-3b161
-2320230323 (base 4) to base 8
-2705473
Convert -57502 (base 11) to base 12.
-40135
What is -779057 (base 10) in base 13?
-2137a6
Convert 100211110201 (base 3) to base 16.
2f3f8
What is 21021331003 (base 4) in base 11?
139a22a
What is -1013230021 (base 4) in base 7?
-2332045
-12bee (base 15) to base 16
-eaaa
Convert -341170 (base 10) to base 8.
-1232262
What is -31203132001 (base 4) in base 8?
-15433601
-473a11 (base 11) to base 15
-ecbc1
What is -7356100 (base 8) in base 12?
-7a4594
What is 240168 (base 10) in base 15?
4b263
-848633 (base 13) to base 6
-150302432
-100100010010110001 (base 2) to base 16
-244b1
-212023635 (base 7) to base 14
-195bc1c
What is 130351205 (b